n thousands digit of 453965098?
6
What is the units digit of 33860614?
4
What is the millions digit of 2203559773?
3
What is the thousands digit of 161187630?
7
What is the thousands digit of 79859890?
9
What is the units digit of 340896?
6
What is the tens digit of 743446588?
8
What is the ten thousands digit of 109248716?
4
What is the thousands digit of 769794547?
4
What is the millions digit of 18302790?
8
What is the tens digit of 259785165?
6
What is the thousands digit of 278114531?
4
What is the units digit of 895264379?
9
What is the units digit of 3331562178?
8
What is the ten millions digit of 39042130?
3
What is the thousands digit of 233077409?
7
What is the hundreds digit of 127596980?
9
What is the hundred millions digit of 236219126?
2
What is the units digit of 381268471?
1
What is the units digit of 85507290?
0
What is the tens digit of 17620735?
3
What is the tens digit of 312679929?
2
What is the units digit of 168158062?
2
What is the millions digit of 955694668?
5
What is the tens digit of 63535776?
7
What is the hundreds digit of 87207777?
7
What is the billions digit of 6481398949?
6
What is the hundred thousands digit of 19104538?
1
What is the tens digit of 37517952?
5
What is the thousands digit of 4181300354?
0
What is the thousands digit of 32574183?
4
What is the ten thousands digit of 2551259703?
5
What is the billions digit of 1748714982?
1
What is the millions digit of 119739395?
9
What is the thousands digit of 1026644858?
4
What is the ten thousands digit of 94047058?
4
What is the millions digit of 7433111794?
3
What is the ten thousands digit of 651483847?
8
What is the hundred thousands digit of 1174764733?
7
What is the tens digit of 623542927?
2
What is the hundreds digit of 37859402?
4
What is the ten millions digit of 224113497?
2
What is the hundred thousands digit of 103739036?
7
What is the units digit of 784536204?
4
What is the hundred millions digit of 1362239397?
3
What is the hundred thousands digit of 70444407?
4
What is the units digit of 3264492903?
3
What is the thousands digit of 633094009?
4
What is the hundred millions digit of 203294561?
2
What is the ten millions digit of 33987776?
3
What is the ten thousands digit of 77123046?
2
What is the millions digit of 1725650939?
5
What is the ten thousands digit of 6706783?
0
What is the ten millions digit of 508054696?
0
What is the millions digit of 157357991?
7
What is the tens digit of 1107426484?
8
What is the ten millions digit of 237002077?
3
What is the hundred thousands digit of 89626926?
6
What is the thousands digit of 722640307?
0
What is the units digit of 143365388?
8
What is the hundreds digit of 4144259690?
6
What is the hundreds digit of 712302164?
1
What is the millions digit of 37008611?
7
What is the thousands digit of 1063826646?
6
What is the hundred millions digit of 3575858201?
5
What is the ten thousands digit of 242378227?
7
What is the thousands digit of 724277589?
7
What is the thousands digit of 82675745?
5
What is the millions digit of 138306274?
8
What is the units digit of 212749841?
1
What is the thousands digit of 268345563?
5
What is the hundreds digit of 9723570?
5
What is the millions digit of 72077602?
2
What is the billions digit of 1606013822?
1
What is the tens digit of 3467934916?
1
What is the hundred thousands digit of 921490921?
4
What is the millions digit of 51935562?
1
What is the thousands digit of 476968632?
8
What is the hundreds digit of 1834535937?
9
What is the ten thousands digit of 1380242431?
4
What is the hundred thousands digit of 1014266758?
2
What is the hundreds digit of 742889433?
4
What is the ten thousands digit of 309795263?
9
What is the ten thousands digit of 24661829?
6
What is the thousands digit of 165321265?
1
What is the millions digit of 1408921335?
8
What is the hundred thousands digit of 1757507509?
5
What is the ten millions digit of 189619317?
8
What is the hundreds digit of 44569413?
4
What is the ten thousands digit of 587542611?
4
What is the units digit of 1080777694?
4
What is the thousands digit of 17704991?
4
What is the hundred thousands digit of 40118521?
1
What is the thousands digit of 12968452?
8
What is the hundreds digit of 2696971158?
1
What is the hundred thousands digit of 2092727708?
7
What is the tens digit of 7132703?
0
What is the tens digit of 1151757598?
9
What is the hundreds digit of 1535583613?
6
What is the millions digit of 24493751?
4
What is the millions digit of 219382699?
9
What is the units digit of 308660728?
8
What is the thousands digit of 56789298?
9
What is the ten thousands digit of 4526046560?
4
What is the hundred thousands digit of 95325711?
3
What is the ten millions digit of 43617059?
4
What is the thousands digit of 3787983261?
3
What is the millions digit of 5015910?
5
What is the hundred thousands digit of 658362948?
3
What is the tens digit of 47732444?
4
What is the ten thousands digit of 1367269549?
6
What is the thousands digit of 562639663?
9
What is the millions digit of 78051534?
8
What is the millions digit of 3550742?
3
What is the units digit of 2066096748?
8
What is the tens digit of 178088925?
2
What is the hundred thousands digit of 4017252955?
2
What is the millions digit of 53517995?
3
What is the ten thousands digit of 24565856?
6
What is the hundred millions digit of 981349380?
9
What is the tens digit of 98479830?
3
What is the hundred millions digit of 6602452112?
6
What is the hundreds digit of 655769142?
1
What is the units digit of 1976836997?
7
What is the ten millions digit of 246884948?
4
What is the millions digit of 158767905?
8
What is the millions digit of 1052125221?
2
What is the ten thousands digit of 57570883?
7
What is the ten thousands digit of 69926961?
2
What is the millions digit of 316657522?
6
What is the units digit of 316989459?
9
What is the hundreds digit of 10516141?
1
What is the millions digit of 189135680?
9
What is the hundreds digit of 607793502?
5
What is the tens digit of 581992736?
3
What is the hundreds digit of 248546199?
1
What is the tens digit of 27885923?
2
What is the hundreds digit of 63102971?
9
What is the millions digit of 35893283?
5
What is the ten thousands digit of 57884314?
8
What is the hundred thousands digit of 686597491?
5
What is the millions digit of 538672117?
8
What is the hundreds digit of 48374170?
1
What is the hundred thousands digit of 2360057?
3
What is the hundred millions digit of 7842069808?
8
What is the hundreds digit of 5439385444?
4
What is the hundred thousands digit of 364727507?
7
What is the hundred thousands digit of 71773095?
7
What is the hundreds digit of 186459862?
8
What is the hundred thousands digit of 42286780?
2
What is the ten millions digit of 192147859?
9
What is the ten thousands digit of 343013870?
1
What is the ten thousands digit of 112679614?
7
What is the millions digit of 33408801?
3
What is the thousands digit of 155985964?
5
What is the thousands digit of 8106507?
6
What is the ten millions digit of 705756747?
0
What is the tens digit of 1375770833?
3
What is the ten millions digit of 540888731?
4
What is the hundred thousands digit of 194651178?
6
What is the units digit of 68748154?
4
What is the hundred millions digit of 362589830?
3
What is the millions digit of 109549418?
9
What is the hundred millions digit of 580833654?
5
What is the hundred thousands digit of 4749435650?
4
What is the thousands digit of 6265713631?
3
What is the hundreds digit of 276336486?
4
What is the tens digit of 408142830?
3
What is the thousands digit of 47206450?
6
What is the thousands digit of 1381641863?
1
What is the units digit of 28237116?
6
What is the ten thousands digit of 181367996?
6
What is the thousands digit of 190422796?
2
What is the tens digit of 78939663?
6
What is the thousands digit of 1207362624?
2
What is the ten millions digit of 19509063?
1
What is the thousands digit of 946042976?
2
What is the ten thousands digit of 43005652?
0
What is the millions digit of 241670332?
1
What is the ten thousands digit of 800276779?
7
What is the hundreds digit of 731367507?
5
What is the millions digit of 48972808?
8
What is the ten thousands digit of 123926232?
2
What is the hundred thousands digit of 11222712